/8 + 3*q**2. Let v = 12 - 26. Let r = v + 17. Calculate c(r).
9
Let m(q) = 10*q**3 + q**2 + 3*q - 3. Let r be m(3). Let g(x) = -140 - x**2 + r - 144 + 3*x. What is g(5)?
-9
Let q be 19/(-3 - (-2 - 2)) - 4. Let n be (-3 - -8)*(48/q - 4). Let a(t) = t**2 + 7*t + 6. What is a(n)?
-6
Suppose 12*t - 7*t = 15. Let o(u) = 4*u**3 + 6*u**2 - 10*u + 6. Let p(m) = 3*m**3 + 4*m**2 - 7*m + 4. Let r(c) = 5*o(c) - 7*p(c). Determine r(t).
-10
Suppose 24 = 3*b - 2*g + 17, 2*b - 3 = 3*g. Let h(d) = 14*d + 2. Calculate h(b).
44
Let m = 29 - 29. Let s(h) be the first derivative of h**4/4 - h**2/2 + 4*h + 8. What is s(m)?
4
Let v(s) = 9*s**2 + s + 4. Let n(t) = 19*t**2 + 2*t + 9. Let a(i) = 6*n(i) - 13*v(i). Calculate a(2).
-12
Let g(i) = 2*i + 68. Let p be g(-22). Suppose 18*z = 26*z + p. Let r(v) = -v**3 - 3*v**2 - 4*v + 1. Determine r(z).
13
Let j(n) = n**3 + 8*n**2 + n - 3. Let f be (-705)/(-21) + 12/28. Suppose -w = 4*c + f, 5*c = -2*w - 17 - 27. Give j(c).
-11
Let x(v) be the first derivative of -4*v - 11 - 1/2*v**2. Calculate x(-6).
2
Let z(h) = 3*h + 24. Suppose 186*f - 28 = 190*f. Give z(f).
3
Let b(q) = 6*q - 7*q + 12 - 5*q - q**2 + 7*q + 3. What is b(0)?
15
Let b = -1 - -4. Let m(g) be the second derivative of g**5/20 - g**4/2 + 2*g**3/3 - g**2 - 2179*g - 1. Calculate m(b).
-17
Suppose -c = -3*h - 1 + 27, -3*c - 6 = 0. Let t(g) = -3*g - 5 + g**2 - 2*g - 2*g. Determine t(h).
3
Let w(m) be the second derivative of -m**4/12 - m**2/2 - 265*m. Determine w(4).
-17
Let p(i) be the first derivative of 15 + 3*i + 1/3*i**3 - 1/2*i**2. Calculate p(-4).
23
Let x(m) = -m**3 + 6*m**2 - 2*m - 2. Let t(q) = -10*q + 26. Let g be t(2). What is x(g)?
-14
Let w(z) = -z**2 - 23*z + 27. Let f be w(-24). Let s(x) = -x - 5 + f - 8 + 0*x. What is s(-5)?
-5
Let x = -9 + 12. Let b = x + 1. Let c(v) = -6*v + 11*v - 5 - b*v. Determine c(5).
0
Let y(n) = -n**3 + 12*n**2 - 10*n - 11. Let x be y(11). Suppose 5*p = x, 5*p = -4*l - 19 + 51. Let h be (2/3)/(l/(-12)). Let c(d) = -9*d**2 - 1. What is c(h)?
-10
Let o be 3 - ((-1)/(3/(-36)) + 1). Let c be (27/(-18))/((-7)/o + -1). Let s(d) = 6*d**2 - 2 - 2*d**3 + 0 + d**3 - 5*d. Give s(c).
-2
Let y = 3 + 3. Let g be (-70)/28*(-36)/5. Let j(l) = 14 - 3*l + g + 4*l - 35. Calculate j(y).
3
Suppose 25 = 2*f + 3*f. Let i(n) = 5 + 5*n**2 + 122219*n**3 - 11 + 4*n - 122220*n**3. Determine i(f).
14
Let f(c) be the second derivative of -c**5/20 - c**4/2 + c**3 - 7*c**2/2 + c - 36. Calculate f(-7).
0
Let l be (-18)/(-3) + 0/(-1). Let w(h) = -9*h**3 + 15*h**2 - 6*h - 5. Let i(r) = 31*r**3 - 49*r**2 + 17*r + 16. Let a(v) = -2*i(v) - 7*w(v). Calculate a(l).
15
Let b be (-1194)/(-15) - (4/(-5))/2. Let o = b - 83. Let i(q) be the second derivative of -q**3/6 + 3*q**2/2 + q. What is i(o)?
6
Let k(i) = 4*i**2 + i + 44. Let v(q) = 3*q**2 + q + 35. Let j(o) = 4*k(o) - 5*v(o). Let u = -3 - -6. Let x = u + 0. What is j(x)?
7
Suppose -36 = 5*d - 26. Let g = d - -5. Let j(k) = k. Determine j(g).
3
Suppose -5*a + 1093*n + 60 = 1098*n, -5*a - n + 44 = 0. Let o(y) be the second derivative of 0 + 5*y**2 - 1/6*y**3 + y. What is o(a)?
2
Let o be (6 + -5)/((-1)/4). Let q be 14/o + (-2)/4. Let f(i) = 2 - 5*i**2 + 6*i**2 + 2*i + i. What is f(q)?
6
Let p(v) = -3331*v**2 + 3*v - 3332*v**2 + 6664*v**2 - 3. Calculate p(0).
-3
Let j(m) = 7*m**2 + 4*m - 19. Let x(l) = 5*l**2 + 3*l - 16. Let t(f) = 3*j(f) - 4*x(f). Determine t(0).
7
Let i(o) be the third derivative of -1/360*o**6 + 6*o**2 + 0*o - 1/8*o**4 + 0 + 1/40*o**5 + 0*o**3. Let c(u) be the second derivative of i(u). Determine c(-3).
9
Let v(y) = -4*y**3 - 4*y - 3. Let c be v(-1). Let t(g) = -9*g - 5. Let x(j) = 11*j + 6. Let s(k) = c*x(k) + 6*t(k). What is s(4)?
4
Let z(w) = w**3 - 8*w**2 + 9*w - 2. Let i = -126 - -132. What is z(i)?
-20
Let y(c) be the second derivative of -c**7/2520 - c**6/720 + c**5/30 - c**4/4 - 3*c. Let d(l) be the third derivative of y(l). Give d(-4).
-8
Suppose -2*c - 3*c - 285 = 0. Let a = c - -52. Let x(b) be the third derivative of -b**5/60 - 5*b**4/24 + b**3/2 + b**2. What is x(a)?
3
Let w(p) = 5*p - 26. Let q(j) = -8*j + 51. Let d(g) = 6*q(g) + 11*w(g). Calculate d(-3).
-1
Let j = 57 - 16. Suppose -w = l + 9, -4*w - j = 6*l - l. Let v(k) = k**3 - 5 - k**2 + 0*k**2 + 5*k**2 - 5*k. What is v(l)?
-5
Let x(z) be the third derivative of z**4/24 + z**3/3 + 315*z**2. Suppose 0 = -4*k + 4*v - 2 - 6, 4*v = -2*k - 16. Let b be 4/14 + k/14. Determine x(b).
2
Let r(w) be the third derivative of 1/60*w**5 + 0*w + 0 - 1/6*w**3 + 1/24*w**4 + 11*w**2. What is r(-4)?
11
Let z(k) = -k**3 - 3*k**2 + 5*k + 5. Suppose 11 - 235 = -8*i. Let x be (-8)/i - (-26)/(-7). Give z(x).
1
Let o(k) be the third derivative of -k**6/120 + k**4/8 - k**3/2 - k**2. Suppose 2*b + 726 - 730 = 0. What is o(b)?
-5
Let p(k) = 5*k**2 + 10*k - 5. Let i(h) be the third derivative of -h**5/20 - 5*h**4/24 + h**3/3 + 15*h**2. Let x(t) = -7*i(t) - 4*p(t). What is x(4)?
2
Let w(u) = -4 - 2*u**2 - 3*u**2 + 4*u**2 + 1 - 5*u. Let i = -1009 + 1006. Determine w(i).
3
Suppose -28*q - 2 = -29*q - m, -4*m + 3 = 5*q. Let p(x) be the third derivative of x**5/60 + 5*x**4/24 - x**3/6 + x**2. Calculate p(q).
-1
Let p(g) be the second derivative of g**3/6 - 2*g**2 - 3*g. Let c be (84/(-22) - -7) + (-4)/22. Let v be (-3 + (-15)/(-5))*c/(-9). What is p(v)?
-4
Let v(i) be the third derivative of -i**5/6 + i**4/24 - i**3/6 - 2309*i**2. Let z(u) = u**3 + 6*u**2 + 1. Let m be z(-6). Calculate v(m).
-10
Let n(d) = -2*d**2 + 39*d - 131. Let x be n(4). Let t(h) = -h**2 - 6*h + 5. What is t(x)?
-2
Let m = 5 - 8. Let d be m/(-18) - 22/(-12). Let r(b) = 0*b**2 - 6*b**d + 5*b**2 - 5*b - 1. What is r(-2)?
5
Suppose -5*n - 265 = -5*z, 5*z + n - 3*n - 274 = 0. Let m = 49 - z. Let v(j) = j**3 + 7*j**2 + 2*j + 9. What is v(m)?
-5
Let m(w) = -w + 1 + 0 + 2. Let y be -11 + (52 - -4)/8. Give m(y).
7
Let v(d) = 11*d - 7. Let a(n) = 6*n + 4*n - 6 - 5*n + 3. Let u(r) = -9*a(r) + 4*v(r). Suppose 16*k = 19*k + 4*l - 27, k - 8 = -l. Calculate u(k).
-6
Let s(p) = -2*p**3 - 8*p**2 - 5*p - 9. Let t be s(-5). Suppose 6*z - 3*z = -t. Let w = z + 18. Let j(d) = d**2 + 3*d + 3. Determine j(w).
7
Suppose 0 = x + 6 - 25. Suppose -x*n - 18 = -13*n. Let w(l) = -2*l**2 - 4*l. Give w(n).
-6
Let f(o) be the third derivative of 1/720*o**6 - 4*o**2 - 1/8*o**5 - 1/4*o**4 + 0 + 0*o + 0*o**3. Let d(s) be the second derivative of f(s). Determine d(9).
-6
Let v be 2/2*2 + 13 + -17. Let u(b) be the first derivative of b**5/20 + b**4/6 + b**3/2 - b**2 - 1. Let m(g) be the second derivative of u(g). Determine m(v).
7
Let g(r) = 4*r + 1. Let a(y) = -y**2 + 2*y. Let w(t) = a(t) - 2*g(t). Give w(-3).
7
Let w = -13 - -18. Let f(i) = 3*i - 1 - w*i + 0 + i. Calculate f(-8).
7
Let g be -4 + (21/7 - 4). Let a(p) = -p**3 - 5*p**2 + p + 3. Determine a(g).
-2
Suppose 81 - 72 = v - 4*n, 9 = -4*v + n. Let k(d) = 3*d**2 + 5. Suppose 0 = 3*q + 1 - 4. Let c(h) = -h**3 - h + 1. Let m(l) = q*c(l) - k(l). Give m(v).
-1
Let c(j) = 2*j - 1. Let h be c(2). Suppose -g = -3*g + 8. Let v(m) = -g + 4 - 1 - 2 + 2*m. What is v(h)?
3
Let q = 2 - -5. Suppose 2*w - m = q, 5*w - 2*w - 2*m - 11 = 0. Suppose 5*z = -x + 2, -2*x - w*x - z = 14. Let f(d) = d**3 + 5*d**2 + 3*d - 3. Determine f(x).
6
Let d(v) be the third derivative of v**5/30 - 96*v**2. Determine d(1).
2
Let d(n) = n - 1. Let i(u) = -1. Let a(g) = -d(g) + i(g). Suppose -5*b + 0*b = -20. Suppose 5*y = -b*x + 21, 9 = y + x + x. Give a(y).
-1
Let c(b) = -b**3 - 2*b**2 + b + 3. Suppose 18 = -7*r - 241. Let x = 34 + r. Give c(x).
9
Let d = 588 - 593. Let a(q) = q**3 + 4*q**2 - 5*q + 2. Give a(d).
2
Let k = -886 - -885. Let n(a) = -16*a - 1. Give n(k).
15
Let v(j) = j**3 - 6*j**2 + 7*j - 5. Let u(c) = -3*c - 16. Let o be u(-7). Determine v(o).
5
Suppose -2*j + 5*t = 15, -5 = -4*j + 3*t - 0*t. Suppose -g = 4*z + 15, -4 = j*g + 3*z + 20. Let d(o) = o. Let y(h) = 3. Let l(s) = -d(s) - y(s). Calculate l(g).
0
Let v(s) = -s**2 + 30*s - 228. Let h be v(17). Let a(l) = l**2 + 5*l + 3. Give a(h).
17
Let j(n) = n**3 + 3*n**2 + 10*n + 11. Let m be j(-2). Let y(s) = -s**3 - 6*s**2 - 7*s + 1. What is y(m)?
11
Let j(q) = -q**2 + 24*q - 69. Let p be j(3). Let d(b) = 3*b**2 + 4*b + 6. Let c(v) = -v**2 - 1. Let t(o) = -2*c(o) - d(o). Determine t(p).
-16
Let z = -589 + 589. Let i(y) be the second d